e 10.
-272
What is 1020121 (base 4) in base 12?
2821
What is 212 (base 9) in base 4?
2231
-20202112 (base 3) to base 14
-1b20
What is -2145 (base 6) in base 2?
-111110001
Convert -2213021 (base 4) to base 13.
-4b3b
-a557 (base 11) to base 15
-421c
Convert 19686 (base 10) to base 5.
1112221
What is 2603 (base 7) in base 11?
814
What is -643 (base 8) in base 16?
-1a3
What is -1242 (base 5) in base 9?
-238
415 (base 11) to base 7
1313
Convert -4100124 (base 5) to base 12.
-32000
What is 4828 (base 10) in base 9?
6554
Convert 4716 (base 8) to base 14.
cb4
Convert a0e (base 16) to base 13.
1230
Convert -150510 (base 7) to base 4.
-13012020
Convert -1202121 (base 3) to base 2.
-10100000101
2003 (base 5) to base 9
311
Convert 10001120 (base 3) to base 14.
b53
Convert -31413 (base 5) to base 14.
-aa8
Convert -f2a (base 16) to base 3.
-12022210
-1127 (base 9) to base 12
-597
Convert -7c2 (base 14) to base 8.
-3006
-10271 (base 9) to base 16
-1a83
What is 11310231 (base 4) in base 5?
1230403
Convert 2ec (base 16) to base 3.
1000201
8aa9 (base 11) to base 9
17377
2214101 (base 5) to base 2
1001011011111011
Convert -113214 (base 5) to base 11.
-3164
1101101101001 (base 2) to base 8
15551
Convert -2526 (base 10) to base 7.
-10236
-110133 (base 4) to base 8
-2437
Convert -5173 (base 11) to base 13.
-3175
1858 (base 9) to base 12
9b2
-101111110 (base 2) to base 12
-27a
Convert -200322 (base 5) to base 6.
-45201
What is -25133 (base 6) in base 5?
-104404
31034 (base 7) to base 8
16623
Convert -15ca (base 15) to base 13.
-219a
Convert bb3 (base 12) to base 13.
a23
What is 9db (base 14) in base 11?
151a
26200 (base 8) to base 7
45133
Convert 2ff (base 16) to base 5.
11032
-61b6 (base 12) to base 16
-299a
-5272 (base 8) to base 3
-10202201
What is -1521 (base 6) in base 14?
-213
15546 (base 14) to base 7
311016
Convert -1162 (base 8) to base 15.
-2bb
What is -1212120 (base 3) in base 14?
-6d7
What is -249 (base 13) in base 16?
-18f
Convert -110000101001 (base 2) to base 10.
-3113
What is -350205 (base 6) in base 9?
-44885
-1063 (base 12) to base 13
-a89
What is -32b4 (base 15) in base 16?
-29f8
Convert 12100112 (base 3) to base 11.
2a28
-1201331 (base 5) to base 16
-564b
1b9 (base 12) to base 16
11d
-20495 (base 12) to base 4
-22102301
What is -210222101 (base 3) in base 14?
-5ba5
54151 (base 9) to base 15
a94d
Convert 545 (base 6) to base 9.
252
What is 510 (base 16) in base 12?
900
Convert 2e27 (base 15) to base 9.
14561
Convert 1111 (base 9) to base 6.
3444
-1a4 (base 15) to base 4
-11323
What is 8509 (base 11) in base 9?
16403
What is 1110110111 (base 2) in base 9?
1266
-b91b (base 13) to base 9
-38238
-1211 (base 4) to base 13
-7a
3121 (base 7) to base 12
771
-519 (base 10) to base 15
-249
Convert 44203 (base 7) to base 8.
25505
Convert 155 (base 12) to base 6.
545
What is -2412 (base 9) in base 3?
-2110102
What is 221221 (base 3) in base 11?
587
What is 132365 (base 7) in base 6?
311122
What is -5001 (base 10) in base 8?
-11611
64361 (base 7) to base 8
37140
What is -21033 (base 8) in base 2?
-10001000011011
Convert -10701 (base 16) to base 7.
-400203
Convert -11034 (base 6) to base 11.
-1175
Convert -590 (base 14) to base 16.
-452
What is 318 (base 12) in base 13?
28a
2301110 (base 4) to base 5
330343
8278 (base 9) to base 15
1be5
What is -3202030 (base 4) in base 14?
-53c0
Convert -22225 (base 6) to base 2.
-110000101001
What is -42504 (base 7) in base 14?
-3bab
-4611 (base 7) to base 3
-2022000
What is 25232 (base 9) in base 4?
10020332
What is -461 (base 11) in base 8?
-1047
What is 6131 (base 7) in base 2?
100001010001
What is 101011111 (base 2) in base 9?
430
What is 128c0 (base 13) in base 15?
a328
What is 11033313 (base 4) in base 15?
6580
What is 52734 (base 8) in base 9?
33132
Convert 5865 (base 14) to base 11.
1060a
What is -111022 (base 3) in base 10?
-359
-15311 (base 7) to base 2
-1000010101111
What is -1253 (base 6) in base 9?
-386
Convert 201003 (base 6) to base 12.
9163
-4662 (base 9) to base 13
-1760
Convert -415 (base 7) to base 5.
-1313
2410120 (base 5) to base 15
d25a
Convert -1305 (base 6) to base 9.
-405
46b (base 15) to base 5
13001
-1343 (base 5) to base 6
-1011
What is -8513 (base 14) in base 8?
-54645
Convert -170 (base 9) to base 13.
-b1
What is -2234 (base 13) in base 11?
-3651
What is -134554 (base 6) in base 2?
-11000111000110
-133 (base 11) to base 10
-157
What is 31551 (base 8) in base 9?
20043
27c1 (base 16) to base 6
115041
What is 1000000000001 (base 2) in base 15?
1332
Convert 41a1 (base 13) to base 6.
110024
Convert -173 (base 11) to base 6.
-533
What is -1011000101101 (base 2) in base 7?
-22360
Convert -310110 (base 5) to base 10.
-10030
Convert a8 (base 15) to base 11.
134
Convert -1102301 (base 4) to base 9.
-7235
Convert -2454 (base 15) to base 5.
-221404
What is 5502 (base 6) in base 16?
4ee
22013 (base 6) to base 13
14c4
What is -50200 (base 9) in base 14?
-c02b
-2699 (base 11) to base 7
-13123
Convert -a22 (base 13) to base 16.
-6b6
What is -122422 (base 5) in base 14?
-1a25
What is -4233 (base 5) in base 7?
-1441
What is -582 (base 13) in base 9?
-1266
23010 (base 5) to base 10
1630
-368 (base 13) to base 14
-305
Convert 3588 (base 12) to base 3.
22020112
118 (base 13) to base 14
d8
-1400 (base 5) to base 13
-144
What is -2030 (base 13) in base 9?
-6065
Convert 173 (base 12) to base 11.
1a0
6544 (base 9) to base 5
123234
Convert 4642 (base 12) to base 4.
1322102
Convert 211323 (base 4) to base 11.
1907
Convert -58d0 (base 16) to base 5.
-1211421
100111100111011 (base 2) to base 4
10330323
-233d (base 15) to base 2
-1110100111011
-38 (base 14) to base 13
-3b
What is -43010 (base 5) in base 3?
-10221200
Convert 231c (base 15) to base 13.
3513
Convert -708 (base 13) to base 12.
-833
Convert -12eed (base 15) to base 16.
-ed4c
Convert -3423 (base 5) to base 12.
-348
Convert -18 (base 13) to base 14.
-17
What is 1000101011011000 (base 2) in base 14?
cd4c
-516 (base 7) to base 11
-215
What is 3252 (base 12) in base 4?
1112132
What is -10203 (base 5) in base 10?
-678
Convert -12 (base 12) to base 4.
-32
-812 (base 16) to base 13
-c2c
What is -1030233 (base 4) in base 3?
-20201220
What is 398 (base 10) in base 4?
12032
Convert 13320221 (base 4) to base 2.
111111000101001
What is a0a5 (base 12) in base 13?
7bcb
Convert -35534 (base 6) to base 10.
-5170
Convert bb2 (base 15) to base 16.
a52
What is -2062 (base 7) in base 11?
-604
What is afe0 (base 16) in base 5?
2420044
Convert 1570a (base 11) to base 13.
a111
-124422 (base 5) to base 14
-1b63
-211111222 (base 3) to base 4
-10000133
What is 4653 (base 15) in base 5?
434203
8ad (base 15) to base 14
a03
What is -6756 (base 10) in base 13?
-30c9
-111100010 (base 2) to base 14
-266
Convert 926d (base 16) to base 13.
140a6
Convert -ab6 (base 16) to base 10.
-2742
Convert 724 (base 11) to base 5.
11443
Convert 177 (base 12) to base 2.
11101011
Convert 2957 (base 11) to base 7.
14055
-20204 (base 5) to base 8
-2430
120a (base 14) to base 4
301022
Convert -154 (base 13) to base 7.
-460
22437 (base 12) to base 14
12855
Convert -2385 (base 14) to base 13.
-2a85
What is 1000010101 (base 2) in base 9?
652
What is 223032 (base 4) in base 13?
134a
284 (base 10) to base 2
100011100
-3251 (base 8) to base 11
-1310
What is -46435 (base 10) in base 11?
-31984
Convert -26772 (base 11) to base 12.
-1a12a
What is 1001100111 (base 2) in base 13?
384
Convert -77ca (base 13) to base 14.
-614c
1da (base 14) to base 3
112101
What is 646 (base 8) in base 15?
1d2
20d (base 15) to base 14
251
What is -383 (base 16) in base 2?
-1110000011
Convert 1000101101 (base 2) to base 12.
3a5
Convert 7cbe (base 16) to base 8.
76276
Convert 143 (base 6) to base 9.
70
1554 (base 10) to base 16
612
What is -21332 (base 5) in base 7?
-4164
What is -210 (base 11) in base 12?
-191
2111101 (base 3) to base 9
2441
1122121 (base 4) to base 8
13231
What is 19b0 (base 12) in base 8?
6124
What is -15451 (base 6) in base 7?
-10303
Convert -a53 (base 15) to base 7.
-6534
What is -3121344 (base 5) in base 9?
-77543
-5150 (base 7) to base 4
-130013
Convert -301 (base 5) to base 7.
-136
Convert 3127 (base 11) to base 13.
1b69
40e (base 16) to base 11
864
-11ac (base 15) to base 10
-3762
-156 (base 15) to base 12
-216
What 